le of 2?
False
Is 156 a multiple of 13?
True
Does 10 divide 180?
True
Is 16 a factor of 10000?
True
Does 21 divide 315?
True
Does 10 divide 710?
True
Does 33 divide 227?
False
Is 11 a factor of 528?
True
Is 392 a multiple of 56?
True
Is 9031 a multiple of 23?
False
Is 104 a multiple of 3?
False
Is 45 a factor of 24310?
False
Is 80 a factor of 1360?
True
Is 89339 a multiple of 9?
False
Is 11770 a multiple of 164?
False
Is 47 a factor of 282?
True
Is 6995 a multiple of 11?
False
Is 794 a multiple of 63?
False
Does 45 divide 19762?
False
Does 73 divide 744?
False
Is 839 a multiple of 35?
False
Is 28 a factor of 420?
True
Is 329 a multiple of 7?
True
Is 7 a factor of 7246?
False
Does 34 divide 5950?
True
Is 2 a factor of 20?
True
Is 1750 a multiple of 50?
True
Is 9275 a multiple of 19?
False
Is 22788 a multiple of 108?
True
Is 41 a factor of 814?
False
Does 140 divide 7747?
False
Is 17 a factor of 102?
True
Does 15 divide 1117?
False
Does 13 divide 4459?
True
Is 16 a factor of 71904?
True
Does 10 divide 65350?
True
Is 14 a factor of 136?
False
Does 7 divide 2622?
False
Is 43 a factor of 228?
False
Is 2616 a multiple of 24?
True
Does 3 divide 1221?
True
Is 17 a factor of 2890?
True
Is 1112 a multiple of 7?
False
Is 220 a multiple of 11?
True
Is 12 a factor of 1667?
False
Is 29232 a multiple of 9?
True
Does 20 divide 9620?
True
Does 273 divide 91067?
False
Is 417 a multiple of 14?
False
Is 17 a factor of 3560?
False
Is 64 a factor of 3970?
False
Is 40 a multiple of 4?
True
Does 21 divide 336?
True
Does 22 divide 132?
True
Is 2244 a multiple of 51?
True
Is 6 a factor of 408?
True
Is 18 a factor of 274?
False
Is 18942 a multiple of 11?
True
Does 16 divide 836?
False
Is 19777 a multiple of 97?
False
Is 22848 a multiple of 96?
True
Is 9 a factor of 58123?
False
Is 28 a factor of 168?
True
Does 46 divide 116426?
True
Does 31 divide 309?
False
Does 15 divide 8025?
True
Does 54 divide 2155?
False
Is 4457 a multiple of 21?
False
Is 8 a factor of 391?
False
Is 6 a factor of 9558?
True
Does 23 divide 1714?
False
Does 6 divide 2964?
True
Is 35 a factor of 4006?
False
Is 18 a factor of 810?
True
Is 1258 a multiple of 11?
False
Is 14 a factor of 79?
False
Is 31160 a multiple of 82?
True
Is 34 a factor of 3638?
True
Does 16 divide 1539?
False
Does 3 divide 106?
False
Is 37 a factor of 6157?
False
Is 820 a multiple of 23?
False
Is 5712 a multiple of 16?
True
Is 4864 a multiple of 128?
True
Is 1337 a multiple of 21?
False
Is 9477 a multiple of 39?
True
Is 14220 a multiple of 79?
True
Is 17 a factor of 598?
False
Does 33 divide 1764?
False
Is 2405 a multiple of 31?
False
Is 207 a factor of 10426?
False
Does 102 divide 377?
False
Is 17 a factor of 1732?
False
Does 3 divide 593?
False
Is 42 a factor of 1618?
False
Is 5421 a multiple of 151?
False
Is 6 a factor of 1194?
True
Is 592 a multiple of 37?
True
Is 124 a factor of 1654?
False
Does 63 divide 1016?
False
Does 33 divide 1685?
False
Does 8 divide 166?
False
Does 14 divide 353?
False
Is 6013 a multiple of 10?
False
Is 27058 a multiple of 32?
False
Does 47 divide 4136?
True
Is 2260 a multiple of 4?
True
Is 39 a factor of 546?
True
Does 80 divide 2640?
True
Is 91584 a multiple of 159?
True
Does 10 divide 263?
False
Is 5788 even?
True
Is 14 a factor of 2142?
True
Does 11 divide 329?
False
Is 5346 a multiple of 33?
True
Does 40 divide 235?
False
Does 48 divide 5136?
True
Is 55550 a multiple of 14?
False
Is 46800 a multiple of 104?
True
Is 5187 a multiple of 38?
False
Does 66 divide 78078?
True
Does 60 divide 19396?
False
Is 13314 a multiple of 21?
True
Is 118 a factor of 13362?
False
Does 21 divide 3683?
False
Is 127 a factor of 13716?
True
Is 31227 a multiple of 296?
False
Is 17 a factor of 4013?
False
Does 57 divide 22230?
True
Does 77 divide 5005?
True
Does 43 divide 1112?
False
Is 260 a multiple of 52?
True
Is 16 a factor of 1616?
True
Is 4119 a multiple of 63?
False
Does 12 divide 8724?
True
Is 15942 a multiple of 237?
False
Does 26 divide 1066?
True
Does 81 divide 3502?
False
Is 28 a factor of 44352?
True
Is 2492 a multiple of 6?
False
Is 3488 a multiple of 9?
False
Is 12 a factor of 7200?
True
Does 4 divide 129?
False
Is 2719 a multiple of 5?
False
Is 6660 a multiple of 16?
False
Is 42 a factor of 5546?
False
Is 7 a factor of 350?
True
Does 62 divide 542?
False
Does 13 divide 317?
False
Does 19 divide 2671?
False
Is 37 a factor of 242?
False
Is 229 a factor of 2972?
False
Is 14 a factor of 415?
False
Is 16 a factor of 128?
True
Is 7 a factor of 49?
True
Is 26 a factor of 442?
True
Is 6490 a multiple of 93?
False
Does 8 divide 2624?
True
Does 4 divide 2217?
False
Is 38 a factor of 9818?
False
Is 939 a multiple of 3?
True
Does 40 divide 119750?
False
Is 519 a multiple of 57?
False
Is 32757 a multiple of 183?
True
Is 31 a factor of 103171?
False
Is 124 a factor of 3472?
True
Is 5730 a multiple of 8?
False
Is 9 a factor of 32206?
False
Is 17 a factor of 109191?
True
Is 550 a multiple of 3?
False
Is 2005 a multiple of 57?
False
Does 17 divide 206?
False
Is 6 a factor of 3506?
False
Does 5 divide 11779?
False
Is 2368 a multiple of 44?
False
Is 1248 a multiple of 12?
True
Does 120 divide 6120?
True
Does 3 divide 114?
True
Is 3784 a multiple of 38?
False
Is 130 a multiple of 13?
True
Is 39 a factor of 7137?
True
Does 72 divide 546?
False
Does 142 divide 29945?
False
Is 4557 a multiple of 49?
True
Does 8 divide 12376?
True
Does 122 divide 8373?
False
Is 3160 a multiple of 5?
True
Does 9 divide 45?
True
Is 27658 a multiple of 89?
False
Is 11 a factor of 1012?
True
Is 895 a multiple of 71?
False
Does 4 divide 4316?
True
Is 102 a factor of 32607?
False
Is 11 a factor of 4684?
False
Is 15 a factor of 977?
False
Is 11 a factor of 99?
True
Is 2820 a multiple of 60?
True
Does 11 divide 550?
True
Is 7585 a multiple of 41?
True
Does 24 divide 3652?
False
Does 17 divide 5593?
True
Does 25 divide 46450?
True
Is 120 a factor of 5804?
False
Does 11 divide 1166?
True
Is 5784 a multiple of 12?
True
Does 15 divide 1035?
True
Does 17 divide 1224?
True
Is 1969 a multiple of 47?
False
Is 6 a factor of 5974?
False
Is 137 a multiple of 18?
False
Is 30 a factor of 58860?
True
Is 2 a factor of 401?
False
Does 26 divide 11466?
True
Is 2809 a multiple of 53?
True
Is 36 a factor of 7838?
False
Is 6 a factor of 2252?
False
Is 70 a factor of 7200?
False
Is 832 a multiple of 20?
False
Is 4 a factor of 674?
False
Is 44107 a multiple of 81?
False
Is 742 a multiple of 10?
False
Is 585 a multiple of 3?
True
Is 69 a factor of 44022?
True
Is 22 a factor of 3038?
False
Is 4109 a multiple of 38?
False
Is 11 a factor of 165?
True
Does 105 divide 3276?
False
Does 60 divide 480?
True
Does 13 divide 10751?
True
Is 720 a multiple of 80?
True
Does 5 divide 1035?
True
Does 7 divide 1148?
True
Does 30 divide 10140?
True
Is 13 a factor of 598?
True
Does 30 divide 25110?
True
Is 18354 a multiple of 57?
True
Is 22576 a multiple of 136?
True
Is 28 a factor of 1670?
False
Does 13 divide 115336?
True
Is 8482 a multiple of 22?
False
Is 4 a factor of 800?
True
Does 5 divide 320?
True
Does 29 divide 8091?
True
Is 14773 a multiple of 16?
False
Is 103744 a multiple of 271?
False
Is 3 a factor of 326?
False
Is 305 a factor of 62830?
True
Is 270 a multiple of 15?
True
Is 52 a factor of 25141?
False
Is 2 a factor of 129?
False
Is 37430 a multiple of 23?
False
Is 11 a factor of 27033?
False
Is 1342 a multiple of 47?
False
Is 740 a multiple of 10?
True
Is 14 a factor of 4088?
True
Is 111 a factor of 41895?
False
Is 35 a factor of 3255?
True
Does 146 divide 70216?
False
Is 137586 a multiple of 69?
True
Does 121 divide 2109?
False
Does 18 divide 3096?
True
Is 1518 a multiple of 11?
True
Is 431 a multiple of 8?
False
Is 1014 a multiple of 3?
True
Does 37 divide 7363?
True
Does 16 divide 480?
True
Does 38 divide 1474?
False
Does 13 divide 106964?
True
Is 6892 a multiple of 11?
False
Is 6840 a multiple of 120?
True
Is 25643 a multiple of 23?
False
Is 300 a multiple of 5?
True
Does 8 divide 13032?
True
Is 21 a factor of 1316?
False
Does 67 divide 4572?
False
Is 5364 a multiple of 149?
True
Is 29 a factor of 1189?
True
Is 5940 a multiple of 15?
True
Is 51043 a multiple of 6?
False
Does 84 divide 3324?
False
Is 13 a factor of 5612?
False
Is 1311 a multiple of 69?
True
Is 2 a factor o